8?
0
What is the hundreds digit of 135579517?
5
What is the millions digit of 231085692?
1
What is the ten thousands digit of 455789568?
8
What is the ten thousands digit of 927042999?
4
What is the hundreds digit of 31782197?
1
What is the ten millions digit of 287266027?
8
What is the tens digit of 182424061?
6
What is the ten thousands digit of 694859274?
5
What is the ten thousands digit of 6275535?
7
What is the ten millions digit of 100067963?
0
What is the millions digit of 555952903?
5
What is the billions digit of 1122182946?
1
What is the ten millions digit of 658065751?
5
What is the ten thousands digit of 110504249?
0
What is the hundreds digit of 27937261?
2
What is the hundreds digit of 9629629?
6
What is the units digit of 83797698?
8
What is the hundred thousands digit of 35843412?
8
What is the units digit of 232936232?
2
What is the ten thousands digit of 51586025?
8
What is the hundreds digit of 28465581?
5
What is the hundreds digit of 375152313?
3
What is the hundreds digit of 3261096078?
0
What is the thousands digit of 1352967918?
7
What is the ten thousands digit of 979205135?
0
What is the tens digit of 318692428?
2
What is the hundreds digit of 51734877?
8
What is the ten thousands digit of 31127552?
2
What is the hundred thousands digit of 122441014?
4
What is the units digit of 908901486?
6
What is the millions digit of 838310489?
8
What is the thousands digit of 405678306?
8
What is the hundred thousands digit of 596602771?
6
What is the ten millions digit of 34665353?
3
What is the hundreds digit of 594589026?
0
What is the billions digit of 1068918170?
1
What is the ten thousands digit of 62886735?
8
What is the hundred thousands digit of 2143713350?
7
What is the tens digit of 900864700?
0
What is the tens digit of 210204504?
0
What is the thousands digit of 1245896620?
6
What is the ten millions digit of 1316859165?
1
What is the ten millions digit of 529710116?
2
What is the thousands digit of 88928579?
8
What is the thousands digit of 951859107?
9
What is the tens digit of 2769758631?
3
What is the hundred thousands digit of 90958168?
9
What is the tens digit of 303461905?
0
What is the ten millions digit of 2084470339?
8
What is the tens digit of 549555918?
1
What is the thousands digit of 131740089?
0
What is the units digit of 1177184123?
3
What is the units digit of 34661779?
9
What is the units digit of 537479985?
5
What is the units digit of 108908937?
7
What is the thousands digit of 23994741?
4
What is the millions digit of 41630456?
1
What is the units digit of 376557?
7
What is the ten millions digit of 1921950281?
2
What is the hundred thousands digit of 61573770?
5
What is the tens digit of 37317005?
0
What is the units digit of 133285665?
5
What is the units digit of 241098603?
3
What is the tens digit of 127252683?
8
What is the ten millions digit of 1676876088?
7
What is the hundred thousands digit of 2005883448?
8
What is the hundred millions digit of 137899565?
1
What is the ten thousands digit of 63642314?
4
What is the ten thousands digit of 3574929172?
2
What is the hundred thousands digit of 728551772?
5
What is the ten millions digit of 37824536?
3
What is the ten millions digit of 256636251?
5
What is the hundred millions digit of 448686782?
4
What is the units digit of 12235641?
1
What is the ten millions digit of 223041002?
2
What is the units digit of 14790561?
1
What is the hundred thousands digit of 193906803?
9
What is the thousands digit of 1427322556?
2
What is the units digit of 162732320?
0
What is the ten millions digit of 30852684?
3
What is the thousands digit of 4983209594?
9
What is the billions digit of 2199317077?
2
What is the tens digit of 800468667?
6
What is the thousands digit of 1503596662?
6
What is the ten thousands digit of 5061141732?
4
What is the hundred millions digit of 2884014864?
8
What is the ten thousands digit of 36838775?
3
What is the thousands digit of 12052449?
2
What is the thousands digit of 273549120?
9
What is the hundreds digit of 772114455?
4
What is the thousands digit of 20812113?
2
What is the millions digit of 4522363630?
2
What is the thousands digit of 145607191?
7
What is the hundreds digit of 57436849?
8
What is the tens digit of 4281503056?
5
What is the hundreds digit of 6039604632?
6
What is the hundred millions digit of 130767205?
1
What is the hundred thousands digit of 43069635?
0
What is the thousands digit of 49901370?
1
What is the hundreds digit of 42096295?
2
What is the hundreds digit of 2481144978?
9
What is the units digit of 739207511?
1
What is the ten millions digit of 23550427?
2
What is the hundreds digit of 69125850?
8
What is the thousands digit of 138430011?
0
What is the millions digit of 57958480?
7
What is the hundred millions digit of 557197256?
5
What is the thousands digit of 277342?
7
What is the thousands digit of 1571900811?
0
What is the ten thousands digit of 60011365?
1
What is the ten millions digit of 3558222671?
5
What is the hundreds digit of 278036853?
8
What is the units digit of 886751036?
6
What is the thousands digit of 106711463?
1
What is the tens digit of 5507624290?
9
What is the hundred millions digit of 424755310?
4
What is the units digit of 222913590?
0
What is the hundreds digit of 337529697?
6
What is the hundreds digit of 754807?
8
What is the tens digit of 19083782?
8
What is the units digit of 116018623?
3
What is the ten millions digit of 49506102?
4
What is the billions digit of 3830347658?
3
What is the hundred millions digit of 104718026?
1
What is the hundreds digit of 703755379?
3
What is the tens digit of 97573954?
5
What is the thousands digit of 50318358?
8
What is the hundreds digit of 278750322?
3
What is the millions digit of 30779342?
0
What is the tens digit of 84960516?
1
What is the hundred thousands digit of 77650229?
6
What is the ten thousands digit of 28474187?
7
What is the millions digit of 1864820365?
4
What is the millions digit of 21346591?
1
What is the units digit of 398299047?
7
What is the hundred millions digit of 218362083?
2
What is the ten millions digit of 17435092?
1
What is the ten millions digit of 247003953?
4
What is the tens digit of 393609365?
6
What is the hundreds digit of 1557601578?
5
What is the hundreds digit of 286407182?
1
What is the millions digit of 24249013?
4
What is the hundred millions digit of 152826497?
1
What is the ten thousands digit of 8496430?
9
What is the hundred thousands digit of 1642968838?
9
What is the ten millions digit of 4189611670?
8
What is the ten thousands digit of 5196757842?
5
What is the thousands digit of 514310027?
0
What is the millions digit of 28772398?
8
What is the hundred thousands digit of 325730906?
7
What is the ten thousands digit of 2927878008?
7
What is the hundred millions digit of 105530326?
1
What is the ten thousands digit of 10692208?
9
What is the hundred thousands digit of 2002199478?
1
What is the millions digit of 335945871?
5
What is the units digit of 2378236191?
1
What is the millions digit of 13487595?
3
What is the tens digit of 77396084?
8
What is the hundreds digit of 587480120?
1
What is the hundreds digit of 210965275?
2
What is the hundred thousands digit of 176479831?
4
What is the ten millions digit of 45477483?
4
What is the units digit of 16090510?
0
What is the ten millions digit of 58913695?
5
What is the tens digit of 1407847999?
9
What is the thousands digit of 819431779?
1
What is the hundred millions digit of 3998908645?
9
What is the hundred millions digit of 1606053536?
6
What is the ten millions digit of 56537035?
5
What is the hundreds digit of 134653441?
4
What is the hundreds digit of 130343942?
9
What is the hundred thousands digit of 7425038?
4
What is the tens digit of 4652085863?
6
What is the units digit of 1027229936?
6
What is the thousands digit of 30284794?
4
What is the hundred thousands digit of 152186430?
1
What is the hundreds digit of 1308411?
4
What is the ten thousands digit of 191866508?
6
What is the hundreds digit of 97615487?
4
What is the ten thousands digit of 2820219591?
1
What is the ten millions digit of 496136149?
9
What is the hundreds digit of 3082075608?
6
What is the millions digit of 94278315?
4
What is the hundreds 